
110033115
-412c96 (base 13) to base 2
-101110011001010010110
Convert -631132 (base 9) to base 8.
-1334040
Convert -1143b3 (base 14) to base 12.
-244309
What is -d55cb6 (base 16) in base 9?
-28271837
-1020026 (base 7) to base 4
-131321213
147036 (base 14) to base 7
6020066
Convert 13151302 (base 7) to base 6.
41502214
-11010100100001111010 (base 2) to base 14
-189362
2a4d8 (base 15) to base 13
49c46
-345442415 (base 6) to base 10
-6428747
-3662c (base 13) to base 16
-1864d
abf771 (base 16) to base 9
23176473
What is 303131031 (base 4) in base 6?
4303433
Convert -1101002211200 (base 3) to base 16.
-b24e5
Convert 11310102 (base 5) to base 4.
121111201
Convert -1348009 (base 10) to base 8.
-5110651
What is 2321531 (base 7) in base 6?
10123455
What is -119650 (base 10) in base 9?
-202114
What is -10263 (base 7) in base 9?
-3436
What is -40a51 (base 11) in base 4?
-32212312
Convert 401234130 (base 5) to base 11.
9941a7
Convert 35c510 (base 13) to base 8.
4713502
-10000111100000101000 (base 2) to base 12
-229260
Convert 14031214 (base 5) to base 10.
142684
Convert 2201101111210 (base 3) to base 15.
1d8016
Convert 1110011011010101001 (base 2) to base 16.
736a9
What is -6a2a01 (base 11) in base 5?
-241212324
-10111000100000011001 (base 2) to base 13
-205ca8
-2000112001 (base 4) to base 2
-10000000010110000001
Convert 11002111011 (base 3) to base 15.
18cea
What is 1a07913 (base 12) in base 6?
313342023
-110111000010101010000 (base 2) to base 3
-10101122002000
What is -418541 (base 9) in base 16?
-3ccc7
664357 (base 9) to base 12
171807
Convert -820813 (base 10) to base 7.
-6656020
-20655047 (base 9) to base 11
-56906a9
Convert 4384492 (base 10) to base 6.
233550324
What is -1b1a279 (base 12) in base 11?
-32857a8
-296a3 (base 12) to base 3
-2221120120
What is 23b498 (base 13) in base 4?
3100103311
What is 1192116 (base 13) in base 4?
110310330111
Convert -30257b (base 12) to base 4.
-2313102233
Convert -1002120210210 (base 3) to base 13.
-175098
What is 135678 (base 9) in base 14?
2231c
-235388 (base 11) to base 15
-7585e
-799169 (base 10) to base 5
-201033134
Convert -1214210102 (base 5) to base 6.
-141434050
What is -100021001222 (base 3) in base 13?
-64c94
Convert -754cc7 (base 14) to base 15.
-536601
234641414 (base 7) to base 13
30371c9
What is -8172 (base 14) in base 13?
-a185
Convert -21c8c (base 14) to base 13.
-2b469
What is 1105384 (base 9) in base 13?
17a763
What is -110001110000110000011000 (base 2) in base 11?
-73aa7a3
Convert -2221012 (base 6) to base 16.
-1b440
Convert 15251554 (base 10) to base 16.
e8b862
-3225843 (base 9) to base 11
-a81754
108546 (base 12) to base 9
441320
-122010212 (base 4) to base 2
-11010000100100110
885690 (base 11) to base 4
11120332120
-1010000121012 (base 3) to base 2
-10010000010001001111
-67dda (base 14) to base 16
-3da1c
-20030133332 (base 4) to base 13
-5a2b19
Convert 1455567 (base 8) to base 14.
abb95
What is -201001121201021 (base 3) in base 8?
-46507536
What is 441440101 (base 6) in base 10?
7921189
Convert -179240 (base 10) to base 2.
-101011110000101000
-16d2c (base 16) to base 14
-260d6
Convert 19e553 (base 15) to base 7.
13511352
Convert 854bb9 (base 12) to base 4.
20001122331
Convert -122609 (base 15) to base 10.
-868734
Convert 11001001100100100010111 (base 2) to base 10.
6605079
Convert -3210310 (base 4) to base 2.
-11100100110100
What is 66b87 (base 12) in base 2?
100001010100010111
-212023130 (base 5) to base 10
-892290
Convert 1488aa1 (base 11) to base 7.
30426265
30300031223 (base 4) to base 12
115288b
50009 (base 16) to base 12
139775
2971a51 (base 11) to base 7
61220666
Convert -1266104 (base 7) to base 2.
-101000111101100100
Convert -535253521 (base 6) to base 8.
-44157031
Convert b40040 (base 12) to base 3.
12022021111210
Convert -11249e (base 16) to base 9.
-2102117
-222445 (base 7) to base 13
-14b96
What is 52552 (base 12) in base 16?
1a58e
What is -1030332103 (base 4) in base 16?
-4cf93
222000010000 (base 3) to base 2
1111100111101011111
What is 78428 (base 11) in base 8?
335761
-67dca (base 14) to base 12
-1020ba
What is -770f8 (base 16) in base 15?
-99767
What is 20020120122 (base 3) in base 10?
122894
Convert -870778 (base 9) to base 15.
-a3b72
What is -1200010200 (base 3) in base 11?
-227a3
Convert 18357 (base 9) to base 6.
134424
Convert -22041204 (base 5) to base 13.
-68742
Convert -121010123 (base 4) to base 7.
-605240
67536 (base 12) to base 5
13343044
What is -422570 (base 8) in base 15?
-2ba29
What is -11588018 (base 9) in base 2?
-10101100111110010011000
-14373767 (base 9) to base 4
-123031312132
-7c4b5e (base 16) to base 2
-11111000100101101011110
bf862 (base 16) to base 7
6445056
What is 404002015 (base 6) in base 13?
157a219
Convert 1331b39 (base 14) to base 6.
530313115
-2312213321 (base 4) to base 16
-b69f9
Convert -111210101 (base 4) to base 2.
-10101100100010001
Convert 1032441110 (base 5) to base 14.
422169
-1062141 (base 8) to base 16
-46461
Convert -2123465 (base 7) to base 14.
-6a135
Convert 236341 (base 11) to base 6.
12005231
What is -37315 (base 12) in base 9?
-123478
What is -2314440 (base 10) in base 3?
-11100120211000
-19d782 (base 14) to base 6
-31422342
Convert 312422122 (base 5) to base 14.
25a087
What is 122020112101 (base 4) in base 12?
2364101
Convert 21214185 (base 9) to base 14.
15024d2
5a8a55 (base 15) to base 4
100201232213
What is -100222120011010 (base 3) in base 11?
-2aa4340
Convert 2903097 (base 11) to base 10.
4996680
What is 6241765 (base 9) in base 6?
155244435
Convert 1455423 (base 6) to base 15.
1a4d9
Convert 14abb0 (base 12) to base 4.
1111220310
Convert 495c9 (base 13) to base 7.
1101444
What is -1909191 (base 10) in base 11?
-1094449
Convert 32368 (base 11) to base 6.
1001410
What is 1f8500 (base 16) in base 5?
1012100124
Convert -446393 (base 11) to base 7.
-6021345
What is -15214002 (base 8) in base 9?
-6483041
What is 532143 (base 9) in base 13?
b10a8
Convert 131111323 (base 4) to base 10.
120187
What is 4433131 (base 6) in base 14?
5b03d
Convert -110010001001100100111 (base 2) to base 13.
-456c8c
What is -33411434 (base 5) in base 9?
-488124
What is 21220011020002 (base 3) in base 4?
100000103213
Convert -1101010010101100010111 (base 2) to base 10.
-3484439
What is -3037241 (base 11) in base 4?
-110132212102
What is 16757537 (base 8) in base 14?
741d5d
-12421243013 (base 5) to base 13
-3269739
Convert -41c844 (base 16) to base 3.
-22010000201200
Convert -1185b8 (base 12) to base 15.
-59352
What is 1011111100011000101100 (base 2) in base 16?
2fc62c
Convert -19901 (base 13) to base 11.
-34504
-91507 (base 12) to base 9
-317327
What is -5b4c74 (base 14) in base 8?
-13727606
Convert -6432a6 (base 11) to base 4.
-3323101211
What is 5072007 (base 8) in base 9?
2462638
Convert 3044236 (base 10) to base 12.
1029864
Convert -12dc7 (base 14) to base 12.
-22b97
-12343251 (base 7) to base 5
-241320104
203200310211 (base 4) to base 6
531311233
-1110100001100001001 (base 2) to base 7
-4021334
Convert -132110223231 (base 4) to base 10.
-7949037
What is -244de (base 15) in base 13?
-40973
Convert 644446 (base 11) to base 2.
11111011101001001000
-48242 (base 12) to base 10
-97106
Convert -20339 (base 13) to base 8.
-160515
Convert 22446342 (base 9) to base 14.
1638b59
What is 50d779 (base 14) in base 9?
5114660
Convert 4320014 (base 6) to base 14.
57666
10655614 (base 7) to base 6
32040254
What is -740623 (base 8) in base 16?
-3c193
Convert 382282 (base 9) to base 13.
813a7
What is 11442255 (base 6) in base 2?
1011000101110011011
-b516 (base 14) to base 7
-156626
Convert -332123203 (base 4) to base 15.
-50b7a
-2207617 (base 9) to base 11
-740554
Convert 158163 (base 9) to base 5.
11112244
-436611 (base 7) to base 12
-38533
-42683 (base 11) to base 4
-33021123
What is -176846a (base 11) in base 14?
-5807ac
Convert 10ab32a (base 13) to base 10.
5137129
Convert 3cdac2 (base 16) to base 14.
75b5aa
Convert -851c (base 16) to base 5.
-2042301
What is 50fbdd (base 16) in base 2?
10100001111101111011101
Convert -10211120210 (base 3) to base 8.
-223371
What is -3410505 (base 6) in base 14?
-46c53
496a7 (base 11) to base 8
213332
105777 (base 9) to base 4
33131203
Convert 8665615 (base 9) to base 3.
22202012200112
Convert 331202 (base 6) to base 3.
110120